ghest common divisor of u and 40.
20
Let o(q) = q**3 - 8*q**2 - q. Let w be o(8). Let l = w - -13. Let s = 35 - l. Calculate the highest common divisor of 20 and s.
10
Let j(d) = -d**3 + 11*d**2 - 8*d - 11. Let k be j(10). Let f be (-4)/2 + 403 - 1. Suppose -y = -k*y + f. What is the greatest common factor of y and 10?
10
Let c be (-175)/(-7)*56/20. Let p be (3/6 - (-3)/18)*15. What is the highest common divisor of c and p?
10
Let k(b) = 2*b**3 - 7*b**2 + 9. Let l be 2/5 + 0 + (-92)/(-20). Let r be k(l). Calculate the highest common factor of 56 and r.
28
Let p(h) = h + 1. Let g(u) = 8*u**2 + 10. Let a(y) = g(y) - 2*p(y). Let r be a(2). Calculate the greatest common divisor of r and 18.
18
Let k = 267 + -263. Let d = 0 - -6. Suppose d = -k*s + 38. Calculate the highest common divisor of s and 88.
8
Suppose 11*w - 416 = 3*w. What is the greatest common factor of 1 and w?
1
Let j be -5 - -9 - 2 - -22. Calculate the highest common divisor of 15 and j.
3
Suppose -311 = -20*r - 111. Suppose -r*c = -c - 216. What is the highest common factor of c and 108?
12
Let u be (-20)/(-14) - 4/(-7). Suppose c - 235 = -2*o, 0 = 2*o - c - u*c - 231. Calculate the greatest common divisor of o and 13.
13
Let n = -532 - -519. Let q be 8/(3/(-2) + 1). Let d = n - q. What is the greatest common factor of d and 21?
3
Let d(w) = w**3 + 16*w**2 - 23*w + 27. Let z be d(-17). Let a = -79 + z. Calculate the highest common factor of a and 50.
50
Suppose -3 = 2*m - 5. Suppose 3*y + m - 7 = 0. Suppose y*d - 42 = -0*d. What is the greatest common factor of d and 7?
7
Suppose -4*l + 5*q = -14, -9 = -2*l - 3*q + 9. What is the highest common factor of 14 and l?
2
Let k be ((-70)/25 + 1)/(6/(-10)). What is the highest common divisor of k and 6?
3
Let y(c) be the second derivative of 53*c**4/12 + c**3/2 - c. Let v be y(-1). What is the greatest common divisor of 10 and v?
10
Suppose -10*r + 7*r = 0. Let y = 6 + r. Calculate the highest common factor of y and 60.
6
Let f(x) = -x**3 - 3*x**2 + 10*x. Let j be f(2). Suppose 0 = -3*r, -k - r - 2 + 4 = j. Let v = -2 - -8. What is the greatest common factor of v and k?
2
Let f = -269 + 1140. What is the greatest common factor of 13 and f?
13
Suppose 5*s = 4*n - 263, 0 = 2*n + 3*n + s - 365. Let o(x) = x**3 - 3*x**2 - 6*x - 12. Let a be o(5). Calculate the highest common divisor of a and n.
8
Suppose 456 = 4*l + 3*c - 777, -2*c - 10 = 0. Calculate the greatest common divisor of 208 and l.
104
Suppose -1912 = -4*m + 4*l + 288, -4*m + 2200 = -3*l. What is the greatest common factor of 11 and m?
11
Suppose -3*o = -2*v - o - 4, 3*o - 3 = 0. Let u be ((-6)/8 - v)*(4 + 0). What is the highest common divisor of 2 and u?
1
Let r(t) = -11*t + 2 + 11*t + 18*t. Let c be r(2). Calculate the greatest common factor of c and 95.
19
Let m be 1 - -1*(30 + -1). Suppose 0 = 4*g + g + m. Let v be 2/(-3)*g - -41. What is the highest common factor of 15 and v?
15
Let j be (-12)/33 - (-7164)/99. Let t(n) = 3*n + 12. Let h be t(8). What is the greatest common factor of h and j?
36
Let i = -1708 - -2150. What is the greatest common divisor of i and 102?
34
Let t(b) = -b**3 - 8*b**2 - 10*b + 14. Let s be t(-6). Let x be s - (171 + -2)/(-1). Calculate the highest common divisor of 19 and x.
19
Let c(v) = v**3 + v**2 + v + 9. Let d be c(4). Calculate the greatest common factor of d and 12.
3
Suppose -3*b - k = 4*k - 43, 5*b = 4*k + 84. Let x be 344/(-4)*(-10)/4. Let w = x + -87. Calculate the highest common factor of w and b.
16
Let g(i) = 12*i + 137. Let l be g(-11). What is the greatest common factor of l and 65?
5
Suppose 0 = 16*r - 18*r + 86. Suppose w - r - 295 = 0. Calculate the greatest common factor of w and 26.
26
Suppose -51 = 5*u + 9. Let p be (-33)/(-2 - u/4 - 2). Calculate the highest common factor of 132 and p.
33
Let p(o) = o**3 + 26*o - 27. Let q be p(11). Calculate the greatest common divisor of 30 and q.
30
Let y(m) = -2*m**2 + 11*m + 3. Let w(o) = o**3 - 7*o**2 + 8*o - 7. Let f be w(6). Let c be y(f). Calculate the highest common divisor of 80 and c.
8
Suppose 5*l + 0 + 4 = -j, 0 = -3*l + 4*j - 7. Let h be (l + 2 - 1) + 13 - 2. Calculate the highest common divisor of 11 and h.
11
Let f be (136/28)/((-4)/(-196)). What is the greatest common divisor of 14 and f?
14
Let o be 7/((-3)/(12/(-4))). Suppose o*x - 2 = 5. Let d = x - -5. What is the greatest common factor of 15 and d?
3
Suppose -2*h - 12 = -5*h. Let m be (-6)/(-4)*-2*(-38)/57. Suppose 4*x - 32 = -m*i - 0*i, h*i = x + 82. Calculate the highest common factor of 30 and i.
10
Let x(s) = -2*s**3 + 14*s**2 + 21*s - 13. Let b be x(8). What is the highest common factor of 63 and b?
9
Suppose p - 4*a = 3*p - 8, 13 = -2*p + 3*a. Let u = 15 - 11. Let j be 42/u*p/(-3). What is the highest common divisor of 1 and j?
1
Suppose 56272 = 40*h - 2128. What is the greatest common factor of h and 20?
20
Let b(p) = p**2 + 10*p + 5. Let s be b(-11). Let x be s/(-9) - (-12)/(-54). Let a be (-136)/(-14) + x/(-7). What is the highest common factor of a and 100?
10
Suppose -165 = -6*d + 75. Calculate the greatest common divisor of 50 and d.
10
Suppose 3*p = -2*p + 20. Let k be 10/p + 5/10. Suppose 29 = k*h - 3*j + 5*j, 2*j = 2*h - 16. What is the highest common factor of h and 81?
9
Let u = -222 + 234. Calculate the highest common factor of u and 132.
12
Suppose -3*j = -8*j + 30. Suppose 2*l + 114 = 118. What is the highest common divisor of j and l?
2
Suppose 4*o = 331 - 267. Calculate the highest common divisor of 592 and o.
16
Let q be 6/10 + -744*5/(-50). Suppose -3*s + 236 = 86. What is the highest common factor of q and s?
25
Suppose -n + 5*h + 1143 = 0, 3*n - 12*h - 3381 = -13*h. What is the highest common divisor of 48 and n?
24
Suppose 2*z = -4*g + 506, 0 = -5*z + 6*g - 7*g + 1274. Calculate the greatest common divisor of 15 and z.
15
Let j(c) = 1984*c - 26. Let p be j(2). What is the highest common divisor of 27 and p?
27
Let v(x) = -25*x - 4. Let n be v(-3). Let a = n - 1. Let s = -296 + 310. Calculate the greatest common factor of a and s.
14
Suppose -3*g = -c - 19, g = 10*c - 5*c - 17. What is the greatest common divisor of 124 and g?
4
Let d be (-1)/7 + 26*(-238)/(-98). What is the greatest common factor of d and 28?
7
Let w(d) = d**3 + 6*d**2 + 6. Let y be w(-6). Suppose -18 + y = -2*u. Suppose 7*f + 290 = 752. What is the highest common divisor of u and f?
6
Suppose 11*i = -150 + 238. Let h be (1/2)/(4/2112). Suppose 0 = -0*s + 3*s - h. Calculate the highest common factor of i and s.
8
Let t(g) = 22*g**2 + 14*g + 10. Let c be t(-5). Calculate the greatest common divisor of 175 and c.
35
Suppose -9*t - 3*r + 72 = -7*t, -5*r + 68 = 2*t. Let y = -48 - -123. Let m = y - t. What is the highest common divisor of m and 4?
4
Let a(r) = r**2 + 38*r + 152. Let q be a(-4). Calculate the highest common factor of 52 and q.
4
Let t(z) = -49*z - 28. Let k be t(-4). Calculate the greatest common divisor of k and 12.
12
Suppose 0 = 2*a + 5*c + 2 - 3, -3*c + 6 = 3*a. Let k be (-2303)/(-70) - (-1)/10. What is the highest common divisor of a and k?
3
Let p be (-1)/(2/(8/(-2))). Suppose 0 = p*f - 3*b - 5, -2*f + b + 8 = 1. Calculate the greatest common factor of f and 1.
1
Let m(p) = 4*p - 15. Let u be m(5). Calculate the highest common divisor of u and 15.
5
Let n = 181 + 211. What is the greatest common factor of 98 and n?
98
Let y = 145 - 73. Suppose 2*q = -0*q + y. Suppose -25 = 5*a, 3*f - 35 = 5*a + 44. Calculate the highest common factor of f and q.
18
Let c(l) = -110*l - 52. Let q be c(-2). What is the greatest common divisor of 728 and q?
56
Suppose 5*j + 2*d = 266, 117 = 3*j - 3*d - 30. What is the greatest common divisor of 52 and j?
52
Let v(r) = 10 + 7*r - 3*r - 3*r + 2*r. Let q be v(-2). Calculate the greatest common factor of q and 6.
2
Let z = 48 + 42. Let u be 20/25*z/4. Let r be (-181)/(-5) + (-6)/30. What is the highest common divisor of r and u?
18
Suppose -11*p = -134 + 13. Let n be (-4)/26 - (330/(-26))/p. Suppose -b - 27 = -4*b. What is the greatest common factor of n and b?
1
Let a = -1130 + 1179. Calculate the greatest common divisor of a and 77.
7
Suppose 2*c + 5*x = -31, c + 3*x + 6 = -11. Let w = c + 23. Suppose -y = 2*y - w. What is the highest common divisor of y and 5?
5
Suppose -5*l + 